27*w + 1839. Give s(66).
-603
Let l(s) = 22790*s + 68745. What is l(-3)?
375
Let j(c) = -106*c**3 - 513*c**2 - 11*c - 12. Calculate j(-2).
-1194
Let u(n) = 3*n**3 + 8*n**2 + 141*n + 575. Give u(-4).
-53
Let z(w) = -7*w**3 - 700*w**2 - 5728*w + 464. Calculate z(-91).
9
Let p(y) = -4*y**2 - 1841*y + 5564. Give p(3).
5
Let f(g) = -1458*g + 8449. Give f(6).
-299
Let a(z) = 8*z**2 + 791*z + 3916. Calculate a(-5).
161
Let f(g) = 11*g**2 + 522*g + 2114. What is f(-4)?
202
Let i(v) = 345*v + 15220. Calculate i(-41).
1075
Let l(g) = 2*g**2 - 288*g - 108728. Determine l(-172).
-24
Let r(b) = 29949*b + 958365. Calculate r(-32).
-3
Let c(y) = -2*y**3 + 52*y**2 + 5749*y - 135402. Determine c(23).
-1
Let z(j) = 6447*j + 2656173. Give z(-412).
9
Let p(t) = -t**3 + 1301*t**2 + 4743*t - 2784487. Give p(1303).
24
Let n(w) = -947*w + 722. Calculate n(1).
-225
Let b(v) = -7657*v + 38279. What is b(5)?
-6
Let m(a) = -a**3 + 748*a**2 - 1233*a - 193214. Give m(746).
0
Let a(w) = 2*w**3 - 187*w**2 + 2297*w - 499. Determine a(79).
-25
Let z(v) = -12*v**2 - 1061*v - 3151. Determine z(-3).
-76
Let h(g) = 18*g**3 - 23*g**2 - 292*g - 751. Determine h(-4).
-1103
Let h(n) = 5*n**3 - 31*n**2 + 14*n - 31. What is h(9)?
1229
Let a(c) = -c**3 + 264*c**2 + 502*c + 79857. Calculate a(267).
24
Let u(c) = -12265*c - 122704. Calculate u(-10).
-54
Let d(x) = -191*x**2 + 31706*x - 92. What is d(166)?
-92
Let b(i) = -15043*i + 8484246. What is b(564)?
-6
Let j(h) = 701*h - 9836. Calculate j(14).
-22
Let f(u) = -4*u**3 - 52*u**2 + 646*u + 8395. Determine f(-13).
-3
Let p(n) = -n**2 - 275*n - 10338. Calculate p(-230).
12
Let k(t) = -77*t - 5227. Calculate k(-61).
-530
Let m(k) = 1446*k**2 - 12912*k - 15. Calculate m(9).
903
Let r(i) = -i**3 - 37*i**2 + 522*i + 2474. Calculate r(-47).
30
Let x(c) = -23*c**3 - 691*c**2 - 22*c - 6. Determine x(-30).
-246
Let u(f) = -11*f**2 + 2084*f - 1497. Calculate u(189).
-552
Let o(k) = 26*k**2 - 28898*k - 15568. Determine o(1112).
0
Let o(p) = -5029*p - 497848. Give o(-99).
23
Let q(m) = m**3 + 153*m**2 + 4532*m + 1360. What is q(-113)?
4
Let c(p) = -23*p - 4858. Calculate c(-213).
41
Let y(d) = 9900*d + 5801392. Determine y(-586).
-8
Let x(g) = 764954*g + 3059813. What is x(-4)?
-3
Let i(a) = -a**2 - 77107*a - 1464674. Calculate i(-19).
-2
Let q(u) = u**2 + 14*u - 480. Determine q(-28).
-88
Let t(x) = 471*x - 96445. What is t(205)?
110
Let x(j) = -195050*j - 1170305. Give x(-6).
-5
Let k(t) = 10*t**3 - 63*t**2 + 170*t - 889. Calculate k(6).
23
Let f(s) = 20*s**3 - 304*s**2 + 94*s - 517. Calculate f(15).
-7
Let a(k) = 8*k**2 + 365*k + 59. Give a(-46).
197
Let i(a) = 8*a**3 - 90*a**2 - 318*a + 2952. What is i(12)?
0
Let g(h) = h**3 - 430*h**2 - 2603*h + 7. Give g(-6).
-71
Let y(l) = -l**3 - 256*l**2 + 481*l - 9090. Calculate y(-258).
-60
Let f(i) = 34*i**2 + 13498*i - 63. Give f(-397).
-63
Let b(y) = 2*y**3 - 109*y**2 - 18*y + 187. Give b(0).
187
Let y(g) = 2*g**3 + 142*g**2 - 93*g + 3676. Determine y(-72).
4
Let r(c) = 3443*c - 37842. Calculate r(11).
31
Let n(j) = -2257*j - 44171. Give n(-20).
969
Let y(l) = -3*l**3 - 328*l**2 + 100*l - 13301. Give y(-110).
-101
Let l(q) = 93*q**2 + 12908*q + 55. Give l(-139).
2696
Let i(u) = -2*u**3 + 4*u**2 + 221*u + 214. Give i(-1).
-1
Let h(l) = -82*l**2 - 40509*l - 491. Calculate h(-494).
3
Let n(r) = -17*r**3 - 1532*r**2 - 190*r - 817. Calculate n(-90).
83
Let r(f) = 6*f**3 - 6*f**2 + 1959*f - 1954. What is r(1)?
5
Let q(i) = -328859*i - 2302010. Determine q(-7).
3
Let g(d) = -31*d**2 - 762*d + 3824. Calculate g(5).
-761
Let s(v) = 2*v**3 + 286*v**2 + 6598*v - 1594. What is s(-114)?
2
Let a(k) = -36*k**2 + 10464*k + 3513. Give a(291).
21
Let i(p) = -p**3 - 346*p**2 - 3883*p - 66289. What is i(-335)?
41
Let v(w) = -w**2 + 4*w + 17661. Give v(-131).
-24
Let u(i) = -550*i + 29760. Calculate u(53).
610
Let s(o) = 2*o**3 + 117*o**2 - 375*o + 63. Determine s(3).
45
Let n(k) = -39150*k + 117434. Give n(3).
-16
Let u(t) = -63*t**2 - 13297*t + 1333. Give u(-211).
2177
Let w(j) = -116*j - 5946. Give w(-52).
86
Let p(i) = 146*i + 25049. Determine p(-182).
-1523
Let c(r) = -4*r**2 + 2452*r + 155638. Calculate c(671).
-34
Let g(w) = -736*w + 71492. Calculate g(97).
100
Let x(z) = 144*z - 6149. Determine x(24).
-2693
Let y(q) = -q**2 + 169*q - 6288. Calculate y(54).
-78
Let m(x) = -x**3 + 36*x**2 - 183*x + 6623. Give m(36).
35
Let c(y) = y**3 + 168*y**2 + 2445*y + 371. Calculate c(-16).
163
Let q(p) = 15*p**3 - 12*p**2 - 23*p - 49. Determine q(-4).
-1109
Let t(s) = 15*s**3 - 1237*s**2 - 3237*s + 589. Give t(85).
-6
Let j(l) = -30*l**2 + 6771*l + 2357. Give j(226).
323
Let o(l) = l**3 + 142*l**2 + 348*l - 9130. Calculate o(-139).
461
Let y(s) = -110*s - 4241. Determine y(-23).
-1711
Let v(w) = 34888*w - 1081522. What is v(31)?
6
Let i(o) = -7257*o + 43514. Determine i(6).
-28
Let f(t) = 4965*t - 14734. What is f(3)?
161
Let x(l) = l**3 + 1727*l**2 - 213791*l + 391. Determine x(116).
43
Let f(p) = -49960*p - 149868. Determine f(-3).
12
Let y(g) = -g**3 - 147*g**2 - 4205*g + 75974. What is y(-93)?
-7
Let j(w) = 1603*w + 152293. What is j(-95)?
8
Let u(k) = -13634*k**2 + 40918*k - 32. Determine u(3).
16
Let q(y) = -2*y**2 + 854*y + 862418. Give q(904).
2
Let g(r) = r**2 - 89*r - 52555. What is g(278)?
-13
Let m(g) = 909*g + 9162. Give m(-10).
72
Let h(v) = -3324*v + 275641. Determine h(83).
-251
Let j(i) = -i**2 - 873*i + 348950. What is j(298)?
-8
Let m(o) = 2*o**2 + 15947*o + 555701. What is m(-35)?
6
Let v(z) = z**2 + 9407*z + 1141934. Determine v(-123).
2
Let t(v) = 7633*v + 30109. What is t(-4)?
-423
Let h(f) = -772*f + 9748. Calculate h(17).
-3376
Let d(z) = z**2 + 88*z + 834. Give d(-7).
267
Let i(k) = -221*k - 13464. What is i(-57)?
-867
Let z(i) = 176*i - 80232. What is z(456)?
24
Let i(a) = 156*a**2 + 4383*a + 435. What is i(-28)?
15
Let f(c) = -3800*c**2 - 3794*c. Give f(-1).
-6
Let y(v) = 2804*v**2 - 143019*v + 775. Determine y(51).
10
Let l(v) = -1723*v - 53390. Calculate l(-31).
23
Let y(v) = -v**3 - 14471*v**2 + 43450*v - 79. Calculate y(3).
5
Let h(a) = 62*a**2 + 479*a + 953. What is h(-2)?
243
Let h(o) = 8297*o - 132723. Determine h(16).
29
Let s(u) = -1052*u**2 - 85198*u - 74. Determine s(-81).
-1208
Let b(n) = -n**3 - 8*n**2 + 74*n + 3. Determine b(5).
48
Let m(d) = d**2 - 47201*d - 708238. Give m(-15).
2
Let i(b) = 32*b**2 - 152*b + 8. Determine i(3).
-160
Let i(a) = 115236*a - 1152893. Calculate i(10).
-533
Let t(w) = -w**2 + 128*w + 21512. Determine t(224).
8
Let r(t) = t**2 - 285*t + 5773. Calculate r(22).
-13
Let b(t) = 82*t + 5921. Give b(-73).
-65
Let t(d) = 2*d**3 + 1330*d**2 - 181191*d + 773. Calculate t(-781).
-8
Let j(s) = -s**3 - 1171*s**2 + 9682*s + 294749. Calculate j(-1179).
-1
Let a(o) = 34158*o + 307408. Determine a(-9).
-14
Let i(a) = a**2 + 53*a - 9240. Calculate i(-128).
360
Let v(c) = 2*c**2 + 89*c + 201. Calculate v(-8).
-383
Let n(c) = -c**3 + c**2 - 1394*c - 618. Determine n(0).
-618
Let s(l) = 15975*l + 559184. Determine s(-35).
59
Let w(k) = 4*k**3 - 14*k**2 + 34*k - 270. What is w(5)?
50
Let k(b) = -71*b + 2077. Calculate k(28).
89
Let n(h) = -85*h**2 - 774*h - 142. Determine n(-7).
1111
Let a(x) = x**2 - 1764*x - 362694. Determine a(-186).
6
Let t(c) = c**3 - 1648*c**2 - 9981*c + 94270. Give t(1654).
-8
Let a(i) = 64839*i + 129655. Give a(-2).
-23
Let d(s) = -217*s**2 - 11484*s + 765. Calculate d(-53).
-136
Let l(h) = -h**2 + 74*h - 709. What is l(24)?
491
Let z(b) = 15*b**3 - 23*b**2 + 184*b - 172. Calculate z(1).
4
Let y(x) = 908*x**2 - 1695*x - 1690. What is y(-1)?
913
Let d(j) = -5*j**3 + 422*j**2 + 17155*j - 51. Calculate d(-30).
99
Let u(v) = 25520*v + 459355. What is u(-18)?
-5
Let i(p) = 156*p + 3416. Determine i(-13).
1388
Let q(t) = -t**3 - 34*t**2 + 825*t - 5767. Determine q(-52).
5
Let f(i) = 80*i**3 + 4*i**2 - 49*i + 47. Give f(1).
82
Let c(f) = -2947*f - 58981. Determine c(-20).
-41
Let s(p) = -2*p**2 + 325*p - 9903. Determine s(40).
-103
Let o(m) = 12*m**3 - 22*m**2 - 111*m - 90. Give o(-1).
-13
Let a(f) = 2*f**2 - 46*f - 1147. Calculate a(42).
449
Let m(g) = 1703*g - 173779. Give m(102).
-73
Let s(y) = -45*y**2 - 176*y - 133. What is s(-1)?
-2
Let o(l) = 3848*l - 1169819. Calculate o(304).
-27
Let d(y) = -256*y**2 - 1593*y - 318. Give d(-6).
24
Let h(o) = 80*o**3